{"id":5,"date":"2019-06-27T19:10:39","date_gmt":"2019-06-27T17:10:39","guid":{"rendered":"http:\/\/www.tazor.avx.pl\/?page_id=5"},"modified":"2023-12-14T14:39:55","modified_gmt":"2023-12-14T13:39:55","slug":"home","status":"publish","type":"page","link":"https:\/\/dobry-tlumacz.eu\/","title":{"rendered":"Strona g\u0142\u00f3wna"},"content":{"rendered":"\n<p>Jestem do\u015bwiadczonym <strong>t\u0142umaczem przysi\u0119g\u0142ym j\u0119zyka angielskiego<\/strong>, zarejestrowanym na Li\u015bcie T\u0142umaczy Przysi\u0119g\u0142ych Ministra Sprawiedliwo\u015bci pod numerem <strong>TP\/171\/05<\/strong>.\n   \u015awiadcz\u0119   us\u0142ugi t\u0142umaczenia (po\u015bwiadczonego i zwyk\u0142ego) na rzecz \nsp\u00f3\u0142ek, instytucji oraz klient\u00f3w indywidualnych w nast\u0119puj\u0105cym zakresie:<\/p>\n\n\n\n<ul class=\"wp-block-list\">\n<li><strong>Biznes &amp; Prawo<\/strong>: wszelkiego typu  umowy, korespondencja handlowa, faktury, dokumentacje   przetargowe,  pisma procesowe, materia\u0142y marketingowe, t\u0142umaczenie spotka\u0144 biznesowych  i negocjacji.  <br>              <\/li>\n\n\n\n<li><strong>Informatyka i teleinformatyka<\/strong>:  dokumentacja dotycz\u0105ca zaawansowanych system\u00f3w IT i ICT, specyfikacje i  instrukcje dotycz\u0105ce sprz\u0119tu   i system\u00f3w teleinformatycznych,  lokalizacja oprogramowania i stron internetowych, t\u0142umaczenie szkole\u0144,  prezentacji i materia\u0142\u00f3w marketingowych, dokumentacja przetargowa. <br>                  <\/li>\n\n\n\n<li><strong>Technika<\/strong>: automatyka,  systemy klimatyzacji &amp; wentylacji, systemy monitoringu, nadzoru i ostrzegania, infrastruktura. <br>               <\/li>\n\n\n\n<li><strong>Dokumenty: <\/strong> dokumenty samochodowe,  dyplomy i suplementy, \u015bwiadectwa szkolne, akty stanu cywilnego (akty  urodzenia, ma\u0142\u017ce\u0144stwa, itp.) i inne. <br>               <br>               oraz inne (szczeg\u00f3\u0142y w sekcji  OFERTA).<\/li>\n<\/ul>\n\n\n\n<p><strong>Wystawiam faktury  VAT.<\/strong><\/p>\n\n\n\n<p><strong>Zapraszam  do wsp\u00f3\u0142pracy r\u00f3wnie\u017c biura t\u0142umacze\u0144 (projekty zar\u00f3wno w MemoQ jak i SDL Trados).<\/strong><\/p>\n\n\n\n<p>Z powa\u017caniem,<br>Mariusz Studzi\u0144ski<br>tel. <strong>691-741-997<\/strong><br>e-mail: <strong>info@mstudzinski.pl<\/strong> <\/p>\n","protected":false},"excerpt":{"rendered":"<p>Jestem do\u015bwiadczonym t\u0142umaczem przysi\u0119g\u0142ym j\u0119zyka angielskiego, zarejestrowanym na Li\u015bcie T\u0142umaczy Przysi\u0119g\u0142ych Ministra Sprawiedliwo\u015bci pod numerem TP\/171\/05. \u015awiadcz\u0119 us\u0142ugi t\u0142umaczenia (po\u015bwiadczonego i zwyk\u0142ego) na rzecz sp\u00f3\u0142ek, instytucji oraz klient\u00f3w indywidualnych w nast\u0119puj\u0105cym zakresie: Wystawiam faktury VAT. Zapraszam do wsp\u00f3\u0142pracy r\u00f3wnie\u017c biura &hellip; <a href=\"https:\/\/dobry-tlumacz.eu\/\">Czytaj dalej <span class=\"meta-nav\">&rarr;<\/span><\/a><\/p>\n","protected":false},"author":1,"featured_media":0,"parent":0,"menu_order":0,"comment_status":"closed","ping_status":"closed","template":"","meta":{"footnotes":""},"class_list":["post-5","page","type-page","status-publish","hentry"],"_links":{"self":[{"href":"https:\/\/dobry-tlumacz.eu\/index.php?rest_route=\/wp\/v2\/pages\/5","targetHints":{"allow":["GET"]}}],"collection":[{"href":"https:\/\/dobry-tlumacz.eu\/index.php?rest_route=\/wp\/v2\/pages"}],"about":[{"href":"https:\/\/dobry-tlumacz.eu\/index.php?rest_route=\/wp\/v2\/types\/page"}],"author":[{"embeddable":true,"href":"https:\/\/dobry-tlumacz.eu\/index.php?rest_route=\/wp\/v2\/users\/1"}],"replies":[{"embeddable":true,"href":"https:\/\/dobry-tlumacz.eu\/index.php?rest_route=%2Fwp%2Fv2%2Fcomments&post=5"}],"version-history":[{"count":6,"href":"https:\/\/dobry-tlumacz.eu\/index.php?rest_route=\/wp\/v2\/pages\/5\/revisions"}],"predecessor-version":[{"id":92,"href":"https:\/\/dobry-tlumacz.eu\/index.php?rest_route=\/wp\/v2\/pages\/5\/revisions\/92"}],"wp:attachment":[{"href":"https:\/\/dobry-tlumacz.eu\/index.php?rest_route=%2Fwp%2Fv2%2Fmedia&parent=5"}],"curies":[{"name":"wp","href":"https:\/\/api.w.org\/{rel}","templated":true}]}}